{"id":206,"date":"2025-03-29T11:57:50","date_gmt":"2025-03-29T10:57:50","guid":{"rendered":"https:\/\/jana-stefanek.de\/?page_id=206"},"modified":"2025-03-31T18:42:45","modified_gmt":"2025-03-31T16:42:45","slug":"impressum","status":"publish","type":"page","link":"https:\/\/jana-stefanek.de\/?page_id=206","title":{"rendered":"Impressum &amp; Datenschutz"},"content":{"rendered":"\n<p><strong>Betreiberin der Website (Diensteanbieterin gem\u00e4\u00df \u00a7 5 TMG):<\/strong><\/p>\n\n\n\n<p>Jana Stefanek<br>Pfarrweg 1<br>04288 Leipzig<\/p>\n\n\n\n<p><\/p>\n\n\n\n<p><strong>Kontakt:<\/strong><\/p>\n\n\n\n<p>Telefon: 0176 611 02 870<br>E-Mail: kontakt@jana-stefanek.de<\/p>\n\n\n\n<p><\/p>\n\n\n\n<p><strong>Verantwortlich f\u00fcr den Inhalt nach \u00a7 55 Abs. 2 RStV:<\/strong><\/p>\n\n\n\n<p>Jana Stefanek (Anschrift wie oben)<\/p>\n\n\n\n<p><\/p>\n\n\n\n<p><\/p>\n\n\n\n<h2 class=\"wp-block-heading\">Datenschutzerkl\u00e4rung<\/h2>\n\n\n\n<p><strong>Allgemeine Hinweise<\/strong><\/p>\n\n\n\n<p>Der Schutz deiner pers\u00f6nlichen Daten ist mir, Jana Stefanek, ein besonderes Anliegen. Ich behandle deine personenbezogenen Daten vertraulich und entsprechend der gesetzlichen Datenschutzvorschriften sowie dieser Datenschutzerkl\u00e4rung.<br>Diese Website erfasst und verarbeitet personenbezogene Daten nur im technisch notwendigen Umfang. In keinem Fall werden die erhobenen Daten verkauft oder aus anderen Gr\u00fcnden an Dritte weitergegeben.<\/p>\n\n\n\n<p><\/p>\n\n\n\n<p><strong>Verantwortlich f\u00fcr die Datenverarbeitung auf dieser Website:<\/strong><\/p>\n\n\n\n<p>Jana Stefanek (Anschrift wie oben)<\/p>\n\n\n\n<p>Telefon: 0176\u202f611 02 870<br>E-Mail: kontakt@jana-stefanek.de<\/p>\n\n\n\n<p><\/p>\n\n\n\n<p><strong>Erhebung und Verarbeitung personenbezogener Daten<\/strong><\/p>\n\n\n\n<p>Beim Besuch dieser Website werden automatisch bestimmte technische Daten erhoben (z.\u202fB. Browsertyp, Betriebssystem, Datum und Uhrzeit des Zugriffs). Diese Daten dienen ausschlie\u00dflich der technisch fehlerfreien Darstellung und Verbesserung der Website.<br>Wenn du \u00fcber das Kontaktformular mit mir in Verbindung trittst, werden dein Name und deine E-Mail-Adresse erfasst, damit ich deine Anfrage beantworten kann. Diese Daten werden nicht ohne deine Einwilligung weitergegeben.<\/p>\n\n\n\n<p><strong>Speicherdauer<\/strong><\/p>\n\n\n\n<p>Personenbezogene Daten, die du mir \u00fcbermittelst, werden nur solange gespeichert, wie es f\u00fcr die Kommunikation oder zur Erf\u00fcllung von rechtlichen Pflichten erforderlich ist.<\/p>\n\n\n\n<p><strong>Deine Rechte<\/strong><\/p>\n\n\n\n<p>Du hast jederzeit das Recht auf unentgeltliche Auskunft \u00fcber deine gespeicherten personenbezogenen Daten sowie das Recht auf Berichtigung, Sperrung oder L\u00f6schung dieser Daten.<br>Bei Fragen zur Verarbeitung deiner personenbezogenen Daten kannst du dich jederzeit an mich wenden.<\/p>\n\n\n\n<p><strong>Externe Dienste<\/strong><\/p>\n\n\n\n<p>Derzeit werden auf dieser Website keine externen Dienste (z.\u202fB. Google Fonts, Google Maps, Social Media Plugins oder Analyse-Tools) verwendet. Sollte sich dies in Zukunft \u00e4ndern, wird diese Datenschutzerkl\u00e4rung entsprechend angepasst.<\/p>\n\n\n\n<p><strong>SSL- bzw. TLS-Verschl\u00fcsselung<\/strong><\/p>\n\n\n\n<p>Diese Website nutzt aus Sicherheitsgr\u00fcnden eine SSL- bzw. TLS-Verschl\u00fcsselung. Eine verschl\u00fcsselte Verbindung erkennst du daran, dass die Adresszeile des Browsers mit \u201ehttps:\/\/\u201c beginnt.<\/p>\n","protected":false},"excerpt":{"rendered":"<p>Betreiberin der Website (Diensteanbieterin gem\u00e4\u00df \u00a7 5 TMG): Jana StefanekPfarrweg 104288 Leipzig Kontakt: Telefon: 0176 611 02 870E-Mail: kontakt@jana-stefanek.de Verantwortlich f\u00fcr den Inhalt nach \u00a7 55 Abs. 2 RStV: Jana Stefanek (Anschrift wie oben) Datenschutzerkl\u00e4rung Allgemeine Hinweise Der Schutz deiner pers\u00f6nlichen Daten ist mir, Jana Stefanek, ein besonderes Anliegen. Ich behandle deine personenbezogenen Daten vertraulich &hellip; <\/p>\n<p class=\"link-more\"><a href=\"https:\/\/jana-stefanek.de\/?page_id=206\" class=\"more-link\">Mehr <span class=\"screen-reader-text\">\u00fcber &#8222;Impressum &amp; Datenschutz&#8220; <\/span>Lesen<\/a><\/p>\n","protected":false},"author":1,"featured_media":0,"parent":0,"menu_order":0,"comment_status":"closed","ping_status":"closed","template":"","meta":{"inspiro_hide_title":false,"footnotes":""},"class_list":["post-206","page","type-page","status-publish","hentry"],"_links":{"self":[{"href":"https:\/\/jana-stefanek.de\/index.php?rest_route=\/wp\/v2\/pages\/206","targetHints":{"allow":["GET"]}}],"collection":[{"href":"https:\/\/jana-stefanek.de\/index.php?rest_route=\/wp\/v2\/pages"}],"about":[{"href":"https:\/\/jana-stefanek.de\/index.php?rest_route=\/wp\/v2\/types\/page"}],"author":[{"embeddable":true,"href":"https:\/\/jana-stefanek.de\/index.php?rest_route=\/wp\/v2\/users\/1"}],"replies":[{"embeddable":true,"href":"https:\/\/jana-stefanek.de\/index.php?rest_route=%2Fwp%2Fv2%2Fcomments&post=206"}],"version-history":[{"count":3,"href":"https:\/\/jana-stefanek.de\/index.php?rest_route=\/wp\/v2\/pages\/206\/revisions"}],"predecessor-version":[{"id":211,"href":"https:\/\/jana-stefanek.de\/index.php?rest_route=\/wp\/v2\/pages\/206\/revisions\/211"}],"wp:attachment":[{"href":"https:\/\/jana-stefanek.de\/index.php?rest_route=%2Fwp%2Fv2%2Fmedia&parent=206"}],"curies":[{"name":"wp","href":"https:\/\/api.w.org\/{rel}","templated":true}]}}