{"id":287,"date":"2025-03-30T16:25:01","date_gmt":"2025-03-30T14:25:01","guid":{"rendered":"https:\/\/jana-stefanek.de\/?page_id=287"},"modified":"2025-11-07T01:04:16","modified_gmt":"2025-11-07T00:04:16","slug":"offenes-singen","status":"publish","type":"page","link":"https:\/\/jana-stefanek.de\/?page_id=287","title":{"rendered":"Offenes Singen"},"content":{"rendered":"\n<p><\/p>\n\n\n\n<h2 class=\"wp-block-heading\"><\/h2>\n\n\n\n<div class=\"wp-block-columns is-layout-flex wp-container-core-columns-is-layout-28f84493 wp-block-columns-is-layout-flex\">\n<div class=\"wp-block-column is-layout-flow wp-block-column-is-layout-flow\" style=\"flex-basis:66.66%\">\n<h2 class=\"wp-block-heading\">&#8222;Einfach Miteinander Singen&#8220;<\/h2>\n\n\n\n<p class=\"offenessingen\"><strong>Offenes Singen im Berggut Holzhausen<\/strong><\/p>\n\n\n\n<p>Singen tut gut, ist gesund, hebt die Stimmung und tr\u00e4gt durch den Alltag &#8211; besonders dann, wenn es ganz ohne Druck und Verpflichtung geschieht. <br>Beim <strong>offenen Singen im Berggut Holzhausen<\/strong> hast du <strong>jeden Mittwochabend von 19:00 bis 20:30 Uhr<\/strong> die Gelegenheit in lockerer Runde zu singen, wie dir der Schnabel gewachsen ist. <\/p>\n\n\n\n<p><strong>Unser Rhythmus<\/strong><\/p>\n\n\n\n<div class=\"wp-block-columns is-layout-flex wp-container-core-columns-is-layout-28f84493 wp-block-columns-is-layout-flex\">\n<div class=\"wp-block-column is-layout-flow wp-block-column-is-layout-flow\">\n<p><strong>1. &amp; 3. Mittwoch im Monat: <\/strong><br><strong><em>Singen querbeet<\/em><\/strong> <\/p>\n\n\n\n<p><br>Wir <strong>singen, wonach uns ist.<\/strong> Das Liederbuch erweitert sich st\u00e4ndig und f\u00fcllt sich auch aus den <strong>Vorschl\u00e4gen der Teilnehmer<\/strong>. Unter meiner Anleitung beginnen wir mit einer <strong>fundierten K\u00f6rper- und Stimmerw\u00e4rmung<\/strong> und singen dann, was uns gef\u00e4llt: <strong>Kanons, Volkslieder<\/strong> aus aller Welt, <strong>Gospels, Ges\u00e4nge<\/strong> aller Art &#8211; oft mehrstimmig, immer verbindend.<\/p>\n<\/div>\n\n\n\n<div class=\"wp-block-column is-layout-flow wp-block-column-is-layout-flow\">\n<p><strong>2. Mittwoch im Monat:<\/strong><\/p>\n\n\n\n<p><em><strong> Jodeln<\/strong><\/em> <br><\/p>\n\n\n\n<p>In der Leipziger Tieflandsbucht w\u00e4chst die Gemeinschaft der Jodler! <strong>Hier lernst du, wie es geht<\/strong>: fundierte <strong>Stimm- und Jodeltechnik,<\/strong> und Lieder, die die <strong>Vielfalt des Jodelns<\/strong> abbilden. Denn \u00fcberall auf der Welt wird gejodelt, nicht nur im alpenl\u00e4ndischen Raum, auch in Afrika, in Skandinavien, Georgien, Amerika und Asien.<\/p>\n<\/div>\n\n\n\n<div class=\"wp-block-column is-layout-flow wp-block-column-is-layout-flow\">\n<p><strong>4. Mittwoch im Monat:<\/strong> <\/p>\n\n\n\n<p><em><strong>Georgisch Singen<\/strong><\/em><br> <\/p>\n\n\n\n<p>Traditionelle <strong>georgische Ges\u00e4nge sind einzigartig <\/strong>und geh\u00f6ren zum <strong>immateriellen Weltkulturerbe.<\/strong> Die besondere Stimmf\u00fchrung, die Harmonik und Sprache entfalten eine <strong>tiefe, heilsame Wirkung<\/strong> bei S\u00e4ngern und Zuh\u00f6rern. Hier treffen sich <strong>Freunde der georgischen Liedkultur<\/strong> und Menschen, die diese kennenlernen und vertiefen wollen. Auch hier gibt es eine <strong>fundierte Anleitung<\/strong> und Begleitung bei der Erabeitung der Lieder.<\/p>\n<\/div>\n<\/div>\n\n\n\n<p><strong>Willkommen ist jeder Mensch<\/strong> &#8211; mit und ohne Singerfahrung oder Notenkenntnissen, regelm\u00e4\u00dfig oder gelegentlich. Es braucht keine Anmeldung, keine Mitgliedschaft und kein &#8222;Ich muss jeden Mittwoch da sein&#8220;. <strong>Du kommst, wann es dir passt und zu dem Angebot, das dich interessiert.<\/strong><\/p>\n\n\n\n<p><strong>Wann:<\/strong> jeden <strong>Mittwoch 19:00 bis 20:30 Uhr<\/strong> (regelm\u00e4\u00dfig w\u00e4hrend der Schulzeit, Ferien nach Vereinbarung)<br><strong>Wo:<\/strong> <strong>Berggut Holzhausen<\/strong>, Zuckelhausener Ring 17, 04288 Leipzig<br><strong>Teilnahme:<\/strong> Spendenbasis<\/p>\n\n\n\n<p>Du hast Interesse oder m\u00f6chtest aktuell informiert sein \u00fcber die WhatsAppGruppe? <strong><a href=\"https:\/\/jana-stefanek.de\/?page_id=65\">Klicke hier<\/a><\/strong><\/p>\n<\/div>\n<\/div>\n\n\n\n<hr class=\"wp-block-separator has-alpha-channel-opacity is-style-wide\"\/>\n\n\n\n<p><\/p>\n\n\n\n<h2 class=\"wp-block-heading\"><\/h2>\n\n\n\n<div class=\"wp-block-columns is-layout-flex wp-container-core-columns-is-layout-28f84493 wp-block-columns-is-layout-flex\">\n<div class=\"wp-block-column is-layout-flow wp-block-column-is-layout-flow\" style=\"flex-basis:66.66%\">\n<h2 class=\"wp-block-heading\">Offenes Singen 60+<\/h2>\n\n\n\n<p><strong>Gemeinsam singen \u2013 lebendig bleiben<\/strong><\/p>\n\n\n\n<p>Einmal im Monat trifft sich in der Auenkirchgemeinde Markkleeberg-Ost eine offene Singrunde f\u00fcr Menschen ab etwa 60 Jahren \u2013 lebensfroh, neugierig, ohne Leistungsdruck. Wir singen Lieder, die Erinnerungen wecken, die bewegen oder einfach gut tun. Genauso lassen wir uns auf Neues ein: T\u00e4nze, einfache Mehrstimmigkeit, Jodeln, Lieder aus anderen L\u00e4ndern oder kleine musikalische Improvisationen. Alles kann, nichts muss.<\/p>\n\n\n\n<p>Die Runde ist offen f\u00fcr alle, die Freude am Singen haben \u2013 ganz gleich, ob mit viel oder wenig Erfahrung. Es geht nicht ums Perfekte, sondern ums Gemeinsame.<\/p>\n\n\n\n<p><strong>Wann:<\/strong> Jeden dritten Dienstag im Monat, 10:00 bis 11:00 Uhr<br><strong>Wo:<\/strong> Gemeindesaal der Auenkirchgemeinde, Kirchstra\u00dfe 36, 04416 Markkleeberg<br><strong>Teilnahme:<\/strong> Spendenbasis<\/p>\n<\/div>\n\n\n\n<div class=\"wp-block-column is-layout-flow wp-block-column-is-layout-flow\" style=\"flex-basis:33.33%\"><\/div>\n<\/div>\n","protected":false},"excerpt":{"rendered":"<p>&#8222;Einfach Miteinander Singen&#8220; Offenes Singen im Berggut Holzhausen Singen tut gut, ist gesund, hebt die Stimmung und tr\u00e4gt durch den Alltag &#8211; besonders dann, wenn es ganz ohne Druck und Verpflichtung geschieht. Beim offenen Singen im Berggut Holzhausen hast du jeden Mittwochabend von 19:00 bis 20:30 Uhr die Gelegenheit in lockerer Runde zu singen, wie &hellip; <\/p>\n<p class=\"link-more\"><a href=\"https:\/\/jana-stefanek.de\/?page_id=287\" class=\"more-link\">Mehr <span class=\"screen-reader-text\">\u00fcber &#8222;Offenes Singen&#8220; <\/span>Lesen<\/a><\/p>\n","protected":false},"author":1,"featured_media":0,"parent":0,"menu_order":0,"comment_status":"closed","ping_status":"closed","template":"","meta":{"inspiro_hide_title":false,"footnotes":""},"class_list":["post-287","page","type-page","status-publish","hentry"],"_links":{"self":[{"href":"https:\/\/jana-stefanek.de\/index.php?rest_route=\/wp\/v2\/pages\/287","targetHints":{"allow":["GET"]}}],"collection":[{"href":"https:\/\/jana-stefanek.de\/index.php?rest_route=\/wp\/v2\/pages"}],"about":[{"href":"https:\/\/jana-stefanek.de\/index.php?rest_route=\/wp\/v2\/types\/page"}],"author":[{"embeddable":true,"href":"https:\/\/jana-stefanek.de\/index.php?rest_route=\/wp\/v2\/users\/1"}],"replies":[{"embeddable":true,"href":"https:\/\/jana-stefanek.de\/index.php?rest_route=%2Fwp%2Fv2%2Fcomments&post=287"}],"version-history":[{"count":14,"href":"https:\/\/jana-stefanek.de\/index.php?rest_route=\/wp\/v2\/pages\/287\/revisions"}],"predecessor-version":[{"id":638,"href":"https:\/\/jana-stefanek.de\/index.php?rest_route=\/wp\/v2\/pages\/287\/revisions\/638"}],"wp:attachment":[{"href":"https:\/\/jana-stefanek.de\/index.php?rest_route=%2Fwp%2Fv2%2Fmedia&parent=287"}],"curies":[{"name":"wp","href":"https:\/\/api.w.org\/{rel}","templated":true}]}}